-2*c = -3*n - o. Calculate the remainder when c is divided by 4.
2
Suppose 3*z - 2 = 7. Let s be z + -4*(-3)/(-2). Calculate the remainder when (-3)/((-4)/((-332)/s)) is divided by 21.
20
Suppose -436 = -13*y - 7. What is the remainder when 488 is divided by y?
26
Let o(z) = z**2 - 4*z - 1. Let i be o(-4). Let p = 50 - i. What is the remainder when 34 is divided by p?
15
Let u(d) = 2*d**3 - 3*d**2 - 9*d - 4. Calculate the remainder when u(4) is divided by 9.
4
Suppose 6*u + 56 = 506. Suppose 3*c + 16 - 69 = -5*j, 3*j + 67 = 2*c. What is the remainder when u is divided by c?
23
Let g = -1258 + 1358. What is the remainder when 202 is divided by g?
2
Let h(c) = -73*c - 551. Calculate the remainder when 257 is divided by h(-8).
26
Let a = -16 - -51. Let i = a + 30. What is the remainder when i is divided by 17?
14
Let f(b) = 4*b - 21. Suppose 2*w + 5*c + 4 = 0, 2*w = -2*w + 4*c + 48. Calculate the remainder when 37 is divided by f(w).
4
Let y be (-51)/(-6) - 3/2. Let d = 27 - y. Suppose -5*j + d + 65 = 0. What is the remainder when j is divided by 5?
2
Let q(f) = f**2 + f - 2. Let a be q(-2). Let i = 4 - a. Let d = 304 + -294. What is the remainder when d is divided by i?
2
Let z(n) = 14*n + 472. Calculate the remainder when 91 is divided by z(-32).
19
Let j be (-3)/(-2) + (-8)/(-16). Suppose -j*d + 4*d = 16. What is the remainder when 18 is divided by 2*(-2)/(d/(-14))?
4
Let p = 534 + -495. What is the remainder when 77 is divided by p?
38
Let b(y) = -y**2 + 11*y. Let p be b(8). Suppose -5*q = 5*u - 110, 2*u + 4*q = 10 + p. What is the remainder when 78 is divided by u?
24
Let i(f) = 4*f + 3. Let g be i(-9). Let w be 0 + (-11)/(g/60). Suppose w = a + a. Calculate the remainder when a is divided by 8.
2
Suppose 0 = x + u - 69, 0 = 2*x + 5*u - 173 + 35. Let c(j) = 6*j + 132. Calculate the remainder when x is divided by c(-18).
21
Suppose 0 = -3*f + 15, 3*r - 13*f - 30 = -10*f. Let l(y) = y**3 - 2*y**2 - 3*y - 2. Let n = 6 + -1. What is the remainder when l(n) is divided by r?
13
Suppose 9*s - 2820 = -11*s. What is the remainder when s is divided by 36?
33
Suppose 2*k - 95 = 3*y, 5*k + 2*y - 5*y = 215. What is the remainder when k is divided by 29?
11
Let f = 66 + -148. Let z = f + 87. Calculate the remainder when 11 is divided by z.
1
Let s = 52 + -26. Calculate the remainder when ((-60)/(-135))/((-1)/(-171)) is divided by s.
24
Let r = -44 + 88. Let f = -38 + r. Let o(c) = c + 15. Calculate the remainder when o(f) is divided by 6.
3
Suppose -29454 = -32*u - 2318. Calculate the remainder when u is divided by 50.
48
Suppose -7*o = 2*v - 4*o - 451, 5*o = 4*v - 913. Calculate the remainder when v is divided by 38.
37
Suppose 0 = -g + 14 + 66. Suppose -4*f = -0*f - g. Suppose -6*z + 54 - 12 = 0. Calculate the remainder when f is divided by z.
6
Calculate the remainder when 46 is divided by ((-52)/1430*11)/(2/(-185)).
9
Let o(k) = k**3 + 3*k**2 - k + 2. Let l = 32 + -31. What is the remainder when (-3 - l) + (-36)/(-3) is divided by o(-3)?
3
Let s(r) = r + 18. Let z = -8 - 1. Suppose -3*g - c = 3*c - 17, 10 = 5*c. What is the remainder when s(z) is divided by g?
0
Let t(c) = -c**3 - 3*c**2 + 6*c + 9. Suppose 14*d - 17*d = 15. Calculate the remainder when t(d) is divided by 15.
14
Let w(t) = -t + 16. Let r = -25 - -39. Let j be w(r). Let l(g) = 2*g**3 - 2*g - 1. Calculate the remainder when 30 is divided by l(j).
8
Suppose 5*o - 24 = -4*a + 8, -4 = -4*a + 2*o. Let z(b) = b**3 - b**2 + 10*b - 16. What is the remainder when z(2) is divided by a?
2
Let j = -522 + 578. Calculate the remainder when j is divided by 20.
16
Let y(o) = 2*o**2 - o - 2. Let g be y(-2). Calculate the remainder when 24 is divided by (-1 + (2 - 0))*(-3 + g).
4
Let l(v) be the second derivative of -v**3/3 - 2*v**2 - 3*v. Let z be l(-5). Suppose -5*t = -z*t + 19. Calculate the remainder when 73 is divided by t.
16
Suppose -2*z + 296 = t, 0 = 2*z + 20*t - 18*t - 292. Calculate the remainder when z is divided by 2.
0
Let z(m) = -m + 2. Let x be z(-2). Suppose 98 = 3*p + 2*b, x*p = -0*p - b + 124. What is the remainder when 87 is divided by p?
27
Let u(y) = 2*y**2 + 9*y. Let w be u(-5). Suppose 2*k + 194 = w*j, j = 2*j - 3*k - 44. What is the remainder when 111 is divided by j?
35
Let m = -58 - -97. What is the remainder when m is divided by 12?
3
Let v be (-13 - -11) + (6 - -1). Suppose v*d = d + 396. Suppose d = 12*m - 9*m. Calculate the remainder when m is divided by 9.
6
Let i(u) = -7*u + 41. Calculate the remainder when i(1) is divided by 10.
4
Suppose 8*c - 50 = 54. Suppose 1 = -4*w + c. What is the remainder when 8 is divided by w?
2
Let t(w) be the third derivative of w**5/30 - w**4/24 - 5*w**3/3 - 14*w**2. Calculate the remainder when 50 is divided by t(-4).
24
Suppose -49*c = 432 - 4646. What is the remainder when c is divided by 32?
22
Suppose 26*v = 29*v - 18. Calculate the remainder when (-34*(-5)/(-25))/(8/(-20)) is divided by v.
5
Let x be -3*(714/(-9))/(-7). Let b = x - -49. What is the remainder when b is divided by 4?
3
Suppose 0 = 31*p - 24*p - 63. Let o(s) = 0*s - 6 - s - 2 + 7*s**2 + s**3. Calculate the remainder when o(-6) is divided by p.
7
Let l be (-13 + 12)*(-86 + -1). Let z = 157 - l. Calculate the remainder when z is divided by 8.
6
Let w(r) = -r**3 + 7*r**2 + 5*r - 14. Let g be w(7). What is the remainder when 13 is divided by (-9)/g + (-31)/(-7)?
1
Let y = -1096 + 1605. Calculate the remainder when y is divided by 47.
39
Suppose -6*z - 936 = -15*z. Calculate the remainder when z is divided by 6.
2
Calculate the remainder when 52 is divided by 52/(-130) - 57/(-5).
8
Let c(t) = 2 - 1 + 6*t - 8. Calculate the remainder when 115 is divided by c(6).
28
Suppose -12*p + 8*p + 32 = 0. Suppose p*o - 5*o = 285. What is the remainder when o is divided by 14?
11
Suppose -8*r = -259 - 157. What is the remainder when 109 is divided by r?
5
What is the remainder when 823 is divided by (-866)/(-6) + (-45)/135 + -6?
133
Suppose 0 = 3*p - 7*p + r + 124, 4*p + 5*r = 148. Suppose 0 = 2*n - 55 - 131. What is the remainder when n is divided by p?
29
Suppose -46 - 200 = -6*n. What is the remainder when 244 is divided by n?
39
Let w be (-5 + 7)/(1/2). Let s(k) = k**3 + 7*k - 6. Let g(c) = 20*c + 2. What is the remainder when s(w) is divided by g(1)?
20
Let j = 284 + -272. Let s(n) = 2*n**3 + 4*n**2 - 2*n - 1. Let u(d) = d**2 + 5*d + 3. Let l be u(-5). What is the remainder when s(l) is divided by j?
11
Suppose 0 = 27*x - 64 - 152. Suppose 2*u = u - f - 27, -4*u - 2*f - 112 = 0. Let v = -16 - u. Calculate the remainder when v is divided by x.
5
Let o(r) = -r**3 + 6*r**2 + 9*r - 7. Suppose 0*c - 4*c = w - 25, -3*c = -2*w - 27. Calculate the remainder when 13 is divided by o(c).
6
Suppose 0 = -221*a + 226*a - 520. Suppose c = 9*c - a. Calculate the remainder when 51 is divided by c.
12
Suppose -2*h = -4*i - 26, -i + 3*i - 92 = -4*h. Let b = 10 + 14. Let v = 17 + b. Calculate the remainder when v is divided by h.
20
Let d(k) = 10*k + 2. Let l(u) = 19*u + 5. Let z(y) = 5*d(y) - 3*l(y). Calculate the remainder when 59 is divided by z(-5).
29
Suppose 85 = 3*g - 32. What is the remainder when 111 is divided by g?
33
Suppose 0 = -19*h + 529 + 345. Calculate the remainder when 180 is divided by h.
42
Let w = 798 + -661. Calculate the remainder when w is divided by 67.
3
Let o(g) be the third derivative of -g**4/3 + g**3/6 - 5*g**2. Let s = 72 - 38. Calculate the remainder when s is divided by o(-1).
7
Let g be 414/30 - 12/15. Suppose 0 = g*o - 280 + 7. What is the remainder when 79 is divided by o?
16
Let y = -32 - -62. Suppose -b = -3*b + y. What is the remainder when b is divided by 10?
5
Let f be (-7 - -4) + 1/1. Let r be (-17)/f*(5 + -3). Suppose 4*x + r = c, 0 = -5*c - 0*c + 5*x + 145. What is the remainder when c is divided by 18?
15
Let x(c) = 5*c + 120. Calculate the remainder when x(-19) is divided by 12.
1
Let q(r) = 100*r**2 - 7*r + 9. Let w be q(2). Suppose -168 = -3*l - 5*d + 61, 0 = 5*l + 5*d - w. What is the remainder when l is divided by 17?
15
Suppose -j + 26 + 19 = 4*g, 0 = -4*j + 4*g + 220. Let y = -52 + j. What is the remainder when y is divided by 1?
0
Suppose -4*q = -2*w + 116, 5*w = 9*w - 5*q - 247. What is the remainder when 233 is divided by w?
29
Suppose j - 18 =